 + -4 + (21 - 18) + -2.
16
Evaluate (-51 - -38 - 23) + (2 - 7).
-41
What is the value of -112 - (-110 - -257 - 270)?
11
Evaluate -12 - (-12 + (42 - (4 - 2)) - 15 - -68).
-93
Calculate (26 - -6 - -74) + -8.
98
Evaluate 16 - -12 - (57 + -59 + 69).
-39
Calculate 108 + 107 + -200 - -19.
34
What is the value of -1 + 27 + 8 + (6 - -27) + -52?
15
(-15 - -7) + (5 - (-13 + 6 + -6 + 6))
4
What is the value of 71 + -1 + -2 - (-349 - (-599 - -241))?
59
What is the value of -64 - ((-10 - (1 - -11)) + 11 + 8)?
-61
What is (1 - -19 - (0 + 2)) + 10 - (3 + 1)?
24
Calculate -21 - (17 - (-16 + 15 + 2 + 8)).
-29
What is the value of 0 + 88 + -26 + (-22 - -33)?
73
(-7 - 2 - (-21 + 13)) + -21 + 15 + -89
-96
What is -3 - -4 - (-18 - (105 - 84))?
40
What is 29 + -18 + (9 - (6 - (2 + 2)))?
18
(-1 - -14 - -11) + (-3 - -22)
43
Evaluate (3 - 1) + 5590 + -5586.
6
What is the value of 8 + 18 - 28 - -3 - (-82 + -3 - -2)?
84
-37 - 3 - (-61 - -138 - 85)
-32
Calculate 34 + 10 - (6 + (33 - 33)).
38
72 + (-21 - (-71 + 35)) + -53
34
-9 + (4 - 2 - (-50 + 2 + 5))
36
What is the value of -39 - -56 - (-3 - -97) - (1 + 20)?
-98
Evaluate -14 - (-7 + (-13 - -15) + 5 + 5).
-19
What is the value of -32 - -1 - (10962 + -10880)?
-113
What is the value of -36 + 184 + -141 + 2 + -75?
-66
Evaluate 54 - (-33 + 82 + 61).
-56
Evaluate -119 - -25 - (-12 + -2 - 22).
-58
What is the value of 78 + 22 + 13 + (-15 - (25 - 14))?
87
What is 0 - -3 - (21 + -13) - -14 - 49?
-40
What is the value of -96 + 58 - (-4 + (1 - 114))?
79
Evaluate (39 - (21 + -6 + 9)) + 12.
27
Calculate -23 + -1 + (2 - -29).
7
Calculate -9 - (-18 + (2 - 10 - 10)).
27
What is the value of (-2 - (-34 + -2)) + -403 + 388?
19
(-20 - (19 - 49)) + (28 + -25 - (1 + -1))
13
Evaluate -3 - (1 - (1 + -13)) - (-5 + 1).
-12
What is the value of (33 - -23) + (-4 - 18 - -16)?
50
Calculate 206 - 443 - (3 + -152).
-88
-25 - (0 + (5 - 15)) - 27
-42
Calculate -45 + 85 + 12 + -32 + -145.
-125
Calculate -2 + (-3 - -17) - (107 - 98) - (1 - 42).
44
What is -13 + 13 + -2 + 6 + 10?
14
Evaluate (20 - 1 - (14 + 75)) + (-3 - 5) + -2.
-80
Evaluate (-57 - (0 - 2)) + 47.
-8
Evaluate (-21 - (-1 + 0)) + -45 + 33.
-32
Calculate (-18 - -3) + (-241 - -290).
34
What is 71 - 59 - (33 + -2)?
-19
(1582 - 1639) + 8 + -1
-50
Calculate -3 - (19 + (-18 - 20)) - 46.
-30
91 + -68 + -16 - (-1 + (-7 - -2))
13
What is the value of -48 + (-3 - -10) + -11 - -6?
-46
What is the value of (3128 - 3132) + (-11 - 1) + -2?
-18
(7 - 2) + (13 + 6 - (-35 - -52))
7
Calculate (-57 - (-33 - -11)) + 22 - (48 + -1 + 0).
-60
(-6 - -6 - 34) + -1
-35
What is the value of 5 + (-24 - (-77 - (6 - -7)))?
71
What is (-9 - -96) + (-1 + 27 + -29 - (-1 + -9))?
94
What is -1 - -5 - (-16 + -242 + 170)?
92
Calculate (-1719 - -1726) + (-3 - (-77 - (0 + -1))) + 5.
85
What is -6 + (-5 - 41) - -22?
-30
Evaluate -55 + -2 + (68 - 125 - -57).
-57
(-2 - (23 - 3) - -5) + 13 + -35
-39
What is -17 + 1 - ((-77 - 162 - -54) + 41)?
128
What is 19 + (2 - 10 - (-649 - -652))?
8
Calculate (-2 - 10) + 13 + 1 + 0 + 134 + -51.
85
Calculate (9 - (-6 - -7)) + (18 - 2) + (111 - 76).
59
What is -3 - -2 - (2 - -3) - (205 - (-42 + 394))?
141
Evaluate -101 - 0 - (-5399 - -5403).
-105
Calculate 117 - ((67 - 208) + 123).
135
Evaluate (59 - 52 - (5 - 0)) + -16 + 18.
4
Calculate -5 - (22 - (-10 + (-2 - 10) + -68)).
-117
Calculate 39 + -72 + 20 + 22 + 28.
37
Evaluate 22 + -18 + (24 - 12).
16
What is 4 + 2 + -91 - ((-4 - -13) + -1)?
-93
(18 - 39 - -49) + -53
-25
What is the value of -25 + (46 - -10) - (5 + -2)?
28
What is the value of 0 + 29 - ((-353 - -344 - (2 - 0)) + 20)?
20
Calculate (797 - 795) + 72 + -2 + -2 + -17 + 13.
66
Evaluate ((-7 - -3) + -1 - (-1 - 1)) + (-37 - 7).
-47
What is the value of (-98 - (147 - 188)) + (13 - (-3 + 3 + -2))?
-42
Evaluate (142 + -382 - -155) + (0 - -35).
-50
Calculate (35 + -4 - 1) + (3 + 31 - (181 + -142)).
25
What is 99 - (77 + (-116 - -55))?
83
-440 + 466 + (18 - -6)
50
What is the value of -8 + (17 - (-3 + 27))?
-15
35 - (49 - 15) - -35
36
What is the value of -19 + (-19 - -21) + 8 - -6?
-3
Evaluate 66 - (-61 - (35 - 103)).
59
What is the value of -30 + -48 + (54 - 22)?
-46
What is the value of (-2 - 35) + 233 + -248 + -2 + -3 + 10?
-47
Calculate 12 + (-13 + 1 - -9) + -18 - 58.
-67
What is the value of (21 - (22 + -35 - -9)) + 27?
52
Evaluate -4 - -100 - (43 + 26).
27
What is (5 + (-10 - -48) - 10) + 2 + 16?
51
Calculate 75 + (-8 - -5) + -16 + (-16 - -22) + 7.
69
What is (7284 - 7265) + -93 + -2 + 0?
-76
What is -106 + (92 - 31 - -30)?
-15
127 - (-29 - -110 - 64)
110
What is the value of -58 + (144 - 76) + 1 + -14 + -19?
-22
0 + 2 - (-3688 - -3669)
21
What is the value of 9 + (2 - (-1 - -3)) + (-257 - (152 + -441))?
41
What is the value of (-11045 - -11058 - (-1 + 1 + -121)) + -4?
130
What is the value of (-31 + 40 - -4) + -18 + 61?
56
Calculate -2 + -22 + (2031 - 1949).
58
-22 + (260 - 237) + -4 + 22
19
0 + 20 + (-428 - -383)
-25
What is the value of -66 - (-56 + (47 - 30))?
-27
-1 - (-18 + (-8 + -14 + 11 - 4))
32
Calculate (0 - -34) + (2622 - 2688).
-32
-21 + (34 - 3 - (-85 + 92))
3
What is the value of 15 + (9 + -50 - 0) - 19?
-45
Evaluate 662 + -668 - (-1 + 3 + -75 - 5 - -2).
70
What is -12 + (-11 - -6) + (39 - 4) + -9?
9
Evaluate (-30 - -7) + -43 - -26.
-40
Calculate -28 - (2 + -154 - (177 + -211)).
90
What is the value of 23 + -6 - (21 + -24 - -19)?
1
What is the value of -39 + (22 - (3 - 7) - 13)?
-26
Evaluate 33 + (107 - 72 - (-12 + 42)).
38
What is the value of -22 - ((-6 - 2 - 0) + (-37 - -36))?
-13
What is the value of 107 - (1 - (14 - (0 + -6 + 17))) - -4?
113
What is the value of 5 + (5 - 2) - (-87 + 83) - 42?
-30
79 + 1 + -48 + (73 - (14 - -25))
66
What is 3 + ((76 - 66) + -1 + -15 - 47)?
-50
0 + (11 - (-3 + 3)) + 3 + 16
30
What is 8 + 0 - (-16 + 30 + -68 + 11)?
51
25 - 12 - (-31 + -6 + 14)
36
What is the value of -8 + 61 - (125 + -93)?
21
Evaluate 15 + (-6 + 9 - (-18 - -12)) + 0.
24
What is the value of -1 - -10 - ((33 - 9) + (-13 - 27))?
25
Evaluate -7 + 23 + 34 + -13 + -14.
23
Evaluate (-23 - -3) + -46 + 112.
46
Calculate (-3 + -8 - (-43 - 9 - 10)) + (-1 - 9).
41
26 - 35 - -25 - 17 - (18 - -2) - 5
-26
What is the value of 107 + -3 + (-83 + 58 - -19)?
98
Calculate (9 - (8 - 20 - -26) - (1 - -1)) + -11.
-18
What is the value of -51 + 24 + 21 + (47 - -2)?
43
Calculate -13 - (-5 - (13 - (21 - -1))).
-17
What is the value of -10 + (22 - (-1 + 34 + -12))?
-9
14 + -3 + (-7 + 4 - 40)
-32
What is 0 + 41 + 0 - (17146 + -17129)?
24
What is 8 - (-12 + 18 + 5) - (-7 + 0)?
4
(64 - 25) + -84 - (-10 - 3)
-32
What is the value of 16 + -27 + 21 + (2 - 0) + (-2 - -16)?
26
What is the value of 54 + 2 - (-1090 - -1118)?
28
Calculate -72 + 41 - -14 - ((-3 - -2) + -6).
-10
1 - -1 - (-4 - -2) - (232 - 222)
-6
Calculate 21 - (98 - 58) - (-4 + 22).
-37
Evaluate (-1 - (9 - -4)) + 5 + 20 - (67 - -2).
-58
Evaluate 8 + -21 - 34 - -23.
-24
Evaluate 2 + (-14 - (21 - (6 + -16 + 0))).
-43
-7 + 5 + (-3 - -17 - 3) + 2 + -61
-50
Calculate (-8 - 4) + 8 + (-10 - (-2 + -31) - 2).
17
What is the value of -49 + -4 + (18 + 2 + -19 - 8)?
-60
-144 + 79 - (-116 - -21)
30
Calculate -58 + 33 + -31 - (1 - 3) - 13.
-67
Evaluate -2 + -28 - (-1870 - -1831).
9
Evaluate -100 - (-32 + 17 + -22).
-63
What is -1 + 26 + 51 + -35?
41
Calculate (12 - -25) + (-26 - -5) + (-14 - -59).
61
What is -50 + 112 - 90 - -28?
0
What is 3 - ((1 - -5) + 5 - (-19 - (14 + -14)))?
-27
Evaluate -30 - (125 + -33 - 30).
-92
Calculate -38 - (-32 + -11) - -15 - -42.
62
-37 + 2 - (576 - 549) - 4
-66
Calculate (30 - 11) + (-1 - (5 - -3)) - 96.
-86
What is 91 + -1 + (6 - ((43 - (-10 + 34)) + -11))?
88
What is -247 - -134 - (-21 + -5 + 19)?
-106
-9 - (-13 + 12 + -14 - (18 + -28))
-4
127 + (88 + -118 - (15 - 2))
84
Evaluate 85 + (11 - ((-17 - -37) + 17)) + (1 - -10).
70
Evaluate -11 + (73 - (-17 + -1) - 9) + -12.
59
What is the value of (-16 - 22 - (-153 - -99)) + -20 + -2?
-6
What is -16 + 4 + 3 + (-93 - (34 + -292))?
156
What is 58 - 2 - (-41 + (-62 - -39 - -45))?
75
What is (430 - 456) + (-11 - -8 - -6) + 34?
11
Evaluate -41 + -1 + -3 + -108 + 129.
-24
What is 32 + (20 - (-14 + 68 + -11))?
9
Calculate 1 - 58 - ((-21 - -12) + 6).
-54
What is 44 - -81 - (-4 - 1 - -1) - (6 + 7)?
116
What is the value of 13 + -37 + 3 + -13 + (-18 - (-5 + -18))?
-29
What is (12 - -6